{"id":7469,"date":"2026-09-01T14:41:09","date_gmt":"2026-09-01T12:41:09","guid":{"rendered":"https:\/\/egeszseghaz.biatorbagy.hu\/?page_id=7469"},"modified":"2026-09-01T14:42:41","modified_gmt":"2026-09-01T12:42:41","slug":"poltl-akos-eloadasa-2026-szeptember-19-en-a-jfmk-ban","status":"publish","type":"page","link":"https:\/\/egeszseghaz.biatorbagy.hu\/index.php\/poltl-akos-eloadasa-2026-szeptember-19-en-a-jfmk-ban\/","title":{"rendered":"P\u00f6ltl \u00c1kos el\u0151ad\u00e1sa 2026. szeptember 19-\u00e9n a JFMK-ban"},"content":{"rendered":"\t\t<div data-elementor-type=\"wp-page\" data-elementor-id=\"7469\" class=\"elementor elementor-7469\" data-elementor-post-type=\"page\">\n\t\t\t\t\t\t<section class=\"elementor-section elementor-top-section elementor-element elementor-element-a1ca08e elementor-section-boxed elementor-section-height-default elementor-section-height-default\" data-id=\"a1ca08e\" data-element_type=\"section\" data-e-type=\"section\">\n\t\t\t\t\t\t<div class=\"elementor-container elementor-column-gap-default\">\n\t\t\t\t\t<div class=\"elementor-column elementor-col-100 elementor-top-column elementor-element elementor-element-09ffdfb\" data-id=\"09ffdfb\" data-element_type=\"column\" data-e-type=\"column\">\n\t\t\t<div class=\"elementor-widget-wrap elementor-element-populated\">\n\t\t\t\t\t\t<div class=\"elementor-element elementor-element-bc20b81 elementor-widget elementor-widget-text-editor\" data-id=\"bc20b81\" data-element_type=\"widget\" data-e-type=\"widget\" data-widget_type=\"text-editor.default\">\n\t\t\t\t<div class=\"elementor-widget-container\">\n\t\t\t\t\t\t\t\t\t<h3><strong><span style=\"font-size: 24pt;\">P\u00f6ltl \u00c1kos<\/span><\/strong><\/h3><h3><span style=\"color: #1f1f1f; font-family: docs-Roboto; font-size: 32px;\">A digit\u00e1lis t\u00e9r \u00e9s az okostelefonok hat\u00e1sa gyerekeink ment\u00e1lis \u00e9s fizikai eg\u00e9szs\u00e9g\u00e9re &#8211; probl\u00e9m\u00e1k \u00e9s megold\u00e1sok<\/span><\/h3><h5><span style=\"color: #ff0000;\"><em><span style=\"font-size: 14pt;\">Az el\u0151ad\u00e1son val\u00f3 r\u00e9szv\u00e9tel ingyenes, de regisztr\u00e1ci\u00f3hoz k\u00f6t\u00f6tt!<\/span><\/em><\/span><\/h5><div><span style=\"font-size: 24pt;\"><strong><span style=\"color: #000000;\">Regisztr\u00e1ci\u00f3 <\/span><a href=\"https:\/\/forms.gle\/twKxd9pHh2g2PF1t9\">ide kattintva<\/a><\/strong><\/span><\/div><h5>\u00a0<\/h5><h5 style=\"text-align: left;\"><span style=\"font-size: 12pt;\"><em>P\u00d6LTL \u00c1KOS\u00a0<\/em><\/span><\/h5><p style=\"text-align: left;\">\u00a0<\/p><h5 style=\"text-align: left;\"><span style=\"font-size: 12pt;\"><em>Ifj\u00fas\u00e1gkutat\u00f3 Int\u00e9zet, Csal\u00e1dbiztons\u00e1gi szak\u00e9rt\u0151<\/em><\/span><\/h5><p style=\"text-align: left;\"><span style=\"font-size: 12pt;\"><em>P\u00f6ltl \u00c1kos a Ifj\u00fas\u00e1gkutat\u00f3 Int\u00e9zet csal\u00e1dbiztons\u00e1gi szak\u00e9rt\u0151je, valamint a\u00a0Kapcsolj ki!\u00a0mozgalom alap\u00edt\u00f3ja. F\u0151 szakmai \u00e9rdekl\u0151d\u00e9si ter\u00fclete a gyerekek, kamaszok ment\u00e1lis eg\u00e9szs\u00e9g\u00e9nek v\u00e9delme. Ennek \u00e9rdek\u00e9ben tudom\u00e1nyos alap\u00fa, ismeretsz\u00e9les\u00edt\u0151 el\u0151ad\u00e1sokat tart, szakmai anyagokat fejleszt a megfelel\u0151 k\u00e9perny\u0151haszn\u00e1lati szok\u00e1sok, okostelefonok \u00e9s digit\u00e1lis eszk\u00f6z\u00f6k \u00e9letkori k\u00e9sleltet\u00e9s\u00e9nek el\u0151mozd\u00edt\u00e1s\u00e1ra, sz\u00fcl\u0151k, pedag\u00f3gusok, gyermekv\u00e9delmi szakemberek, gyermekek \u00e9s serd\u00fcl\u0151k k\u00f6r\u00e9ben.<\/em><\/span><\/p><div><p style=\"text-align: left;\" data-end=\"561\" data-start=\"359\"><span style=\"font-size: 12pt;\"><em>K\u00f6zgazd\u00e1sz h\u00e1tt\u00e9rrel, hivat\u00e1sos katonai k\u00f6zelharcban alkalmazott ment\u00e1lis kondicion\u00e1l\u00e1sban szerzett speci\u00e1lis k\u00e9pzetts\u00e9ggel rendelkezik. Agyi f\u00fcgg\u0151s\u00e9gek t\u00e9mak\u00f6rben k\u00e9pzi mag\u00e1t, jelenleg is pszichol\u00f3gia MSC tanulm\u00e1nyokat folytat az angliai Wolverhampton Egyetemen, kiberpszichol\u00f3gia \u00e9rdekl\u0151d\u00e9ssel.<\/em><\/span><\/p><p style=\"text-align: left;\" data-end=\"561\" data-start=\"359\"><span style=\"font-size: 12pt;\"><em>A csal\u00e1dok \u00e9rdek\u00e9ben v\u00e9gzett kiemelked\u0151 szakmai tev\u00e9kenys\u00e9g\u00e9nek elismer\u00e9sek\u00e9nt 2024-ben elnyerte a Kultur\u00e1lis \u00e9s Innov\u00e1ci\u00f3s Miniszt\u00e9rium Csal\u00e1dok\u00e9rt D\u00edj\u00e1t.<\/em><\/span><\/p><p style=\"text-align: left;\" data-end=\"855\" data-start=\"563\"><span style=\"font-size: 12pt;\"><em>Akt\u00edvan r\u00e9szt vesz a k\u00e9perny\u0151f\u00fcgg\u0151s\u00e9ggel kapcsolatos tudom\u00e1nyos ismeretterjeszt\u00e9sben, kutat\u00e1si \u00e9s szakmai f\u00f3kusza az\u00a0attention economy (figyelemgazdas\u00e1g), a persuasive design (manipulat\u00edv tervez\u00e9s), valamint a k\u00e9perny\u0151k serd\u00fcl\u0151kori agyfejl\u0151d\u00e9sre \u00e9s dopamin-szab\u00e1lyoz\u00e1sra gyakorolt hat\u00e1sai.<\/em><\/span><\/p><\/div><p data-end=\"855\" data-start=\"563\"><em><span style=\"font-size: 8pt;\">(forr\u00e1s: https:\/\/ifjusagkutatointezet.hu\/szemely\/poltl-akos-1)<\/span><\/em><\/p>\t\t\t\t\t\t\t\t<\/div>\n\t\t\t\t<\/div>\n\t\t\t\t\t<\/div>\n\t\t<\/div>\n\t\t\t\t\t<\/div>\n\t\t<\/section>\n\t\t\t\t<\/div>\n\t\t","protected":false},"excerpt":{"rendered":"<p>P\u00f6ltl \u00c1kos A digit\u00e1lis t\u00e9r \u00e9s az okostelefonok hat\u00e1sa gyerekeink ment\u00e1lis \u00e9s fizikai eg\u00e9szs\u00e9g\u00e9re &#8211; probl\u00e9m\u00e1k \u00e9s megold\u00e1sok Az el\u0151ad\u00e1son val\u00f3 r\u00e9szv\u00e9tel ingyenes, de regisztr\u00e1ci\u00f3hoz k\u00f6t\u00f6tt! Regisztr\u00e1ci\u00f3 ide kattintva \u00a0 P\u00d6LTL \u00c1KOS\u00a0 \u00a0 Ifj\u00fas\u00e1gkutat\u00f3 Int\u00e9zet, Csal\u00e1dbiztons\u00e1gi szak\u00e9rt\u0151 P\u00f6ltl \u00c1kos a Ifj\u00fas\u00e1gkutat\u00f3 Int\u00e9zet csal\u00e1dbiztons\u00e1gi szak\u00e9rt\u0151je, valamint a\u00a0Kapcsolj ki!\u00a0mozgalom alap\u00edt\u00f3ja. F\u0151 szakmai \u00e9rdekl\u0151d\u00e9si ter\u00fclete a gyerekek, kamaszok [&hellip;]<\/p>\n","protected":false},"author":4,"featured_media":0,"parent":0,"menu_order":0,"comment_status":"closed","ping_status":"closed","template":"","meta":{"_acf_changed":false,"_eb_attr":"","footnotes":""},"class_list":["post-7469","page","type-page","status-publish","hentry"],"acf":[],"_links":{"self":[{"href":"https:\/\/egeszseghaz.biatorbagy.hu\/index.php\/wp-json\/wp\/v2\/pages\/7469","targetHints":{"allow":["GET"]}}],"collection":[{"href":"https:\/\/egeszseghaz.biatorbagy.hu\/index.php\/wp-json\/wp\/v2\/pages"}],"about":[{"href":"https:\/\/egeszseghaz.biatorbagy.hu\/index.php\/wp-json\/wp\/v2\/types\/page"}],"author":[{"embeddable":true,"href":"https:\/\/egeszseghaz.biatorbagy.hu\/index.php\/wp-json\/wp\/v2\/users\/4"}],"replies":[{"embeddable":true,"href":"https:\/\/egeszseghaz.biatorbagy.hu\/index.php\/wp-json\/wp\/v2\/comments?post=7469"}],"version-history":[{"count":4,"href":"https:\/\/egeszseghaz.biatorbagy.hu\/index.php\/wp-json\/wp\/v2\/pages\/7469\/revisions"}],"predecessor-version":[{"id":7474,"href":"https:\/\/egeszseghaz.biatorbagy.hu\/index.php\/wp-json\/wp\/v2\/pages\/7469\/revisions\/7474"}],"wp:attachment":[{"href":"https:\/\/egeszseghaz.biatorbagy.hu\/index.php\/wp-json\/wp\/v2\/media?parent=7469"}],"curies":[{"name":"wp","href":"https:\/\/api.w.org\/{rel}","templated":true}]}}

Pöltl Ákos előadása 2026. szeptember 19-én a JFMK-ban

<div data-elementor-type="wp-page" data-elementor-id="7469" class="elementor elementor-7469" data-elementor-post-type="page">
						<section class="elementor-section elementor-top-section elementor-element elementor-element-a1ca08e elementor-section-boxed elementor-section-height-default elementor-section-height-default" data-id="a1ca08e" data-element_type="section" data-e-type="section">
						<div class="elementor-container elementor-column-gap-default">
					<div class="elementor-column elementor-col-100 elementor-top-column elementor-element elementor-element-09ffdfb" data-id="09ffdfb" data-element_type="column" data-e-type="column">
			<div class="elementor-widget-wrap elementor-element-populated">
						<div class="elementor-element elementor-element-bc20b81 elementor-widget elementor-widget-text-editor" data-id="bc20b81" data-element_type="widget" data-e-type="widget" data-widget_type="text-editor.default">
				<div class="elementor-widget-container">
									<h3><strong><span style="font-size: 24pt;">Pöltl Ákos</span></strong></h3><h3><span style="color: #1f1f1f; font-family: docs-Roboto; font-size: 32px;">A digitális tér és az okostelefonok hatása gyerekeink mentális és fizikai egészségére &#8211; problémák és megoldások</span></h3><h5><span style="color: #ff0000;"><em><span style="font-size: 14pt;">Az előadáson való részvétel ingyenes, de regisztrációhoz kötött!</span></em></span></h5><div><span style="font-size: 24pt;"><strong><span style="color: #000000;">Regisztráció </span><a href="https://forms.gle/twKxd9pHh2g2PF1t9">ide kattintva</a></strong></span></div><h5> </h5><h5 style="text-align: left;"><span style="font-size: 12pt;"><em>PÖLTL ÁKOS </em></span></h5><p style="text-align: left;"> </p><h5 style="text-align: left;"><span style="font-size: 12pt;"><em>Ifjúságkutató Intézet, Családbiztonsági szakértő</em></span></h5><p style="text-align: left;"><span style="font-size: 12pt;"><em>Pöltl Ákos a Ifjúságkutató Intézet családbiztonsági szakértője, valamint a Kapcsolj ki! mozgalom alapítója. Fő szakmai érdeklődési területe a gyerekek, kamaszok mentális egészségének védelme. Ennek érdekében tudományos alapú, ismeretszélesítő előadásokat tart, szakmai anyagokat fejleszt a megfelelő képernyőhasználati szokások, okostelefonok és digitális eszközök életkori késleltetésének előmozdítására, szülők, pedagógusok, gyermekvédelmi szakemberek, gyermekek és serdülők körében.</em></span></p><div><p style="text-align: left;" data-end="561" data-start="359"><span style="font-size: 12pt;"><em>Közgazdász háttérrel, hivatásos katonai közelharcban alkalmazott mentális kondicionálásban szerzett speciális képzettséggel rendelkezik. Agyi függőségek témakörben képzi magát, jelenleg is pszichológia MSC tanulmányokat folytat az angliai Wolverhampton Egyetemen, kiberpszichológia érdeklődéssel.</em></span></p><p style="text-align: left;" data-end="561" data-start="359"><span style="font-size: 12pt;"><em>A családok érdekében végzett kiemelkedő szakmai tevékenységének elismeréseként 2024-ben elnyerte a Kulturális és Innovációs Minisztérium Családokért Díját.</em></span></p><p style="text-align: left;" data-end="855" data-start="563"><span style="font-size: 12pt;"><em>Aktívan részt vesz a képernyőfüggőséggel kapcsolatos tudományos ismeretterjesztésben, kutatási és szakmai fókusza az attention economy (figyelemgazdaság), a persuasive design (manipulatív tervezés), valamint a képernyők serdülőkori agyfejlődésre és dopamin-szabályozásra gyakorolt hatásai.</em></span></p></div><p data-end="855" data-start="563"><em><span style="font-size: 8pt;">(forrás: https://ifjusagkutatointezet.hu/szemely/poltl-akos-1)</span></em></p>								</div>
				</div>
					</div>
		</div>
					</div>
		</section>
				</div>

<p>Pöltl Ákos A digitális tér és az okostelefonok hatása gyerekeink mentális és fizikai egészségére &#8211; problémák és megoldások Az előadáson való részvétel ingyenes, de regisztrációhoz kötött! Regisztráció ide kattintva   PÖLTL ÁKOS    Ifjúságkutató Intézet, Családbiztonsági szakértő Pöltl Ákos a Ifjúságkutató Intézet családbiztonsági szakértője, valamint a Kapcsolj ki! mozgalom alapítója. Fő szakmai érdeklődési területe a gyerekek, kamaszok [&hellip;]</p>
